 - -20) - -1.
-25
Calculate -22 + (1 + -4 - 0 - (14 + -21)).
-18
(3 - (5 + 12)) + (-6 - -2)
-18
Calculate 0 - 18 - (-24 + 40 + -17 - -4).
-21
Calculate -21 + 25 + -2 + 6 + -11.
-3
What is the value of (23 - 0) + (69 - 63) + (-3 - 4)?
22
What is the value of -17 + (-12 - -13) + 4?
-12
Evaluate (3 - 21) + 8 + 20.
10
1 + 24 + -34 + (29 - 9)
11
Evaluate -10 - ((11 - 4) + -20) - -9.
12
Evaluate 20 + -4 + -4 - 7.
5
What is -8 - ((24 - (2 - -8)) + -4)?
-18
(41 - 12) + (-13 - -5) - (-2 - -6)
17
Evaluate 9 - (10 - -11) - -17.
5
What is the value of -7 - (2 + 6 + -19 - (-60 + 24))?
-32
Evaluate (-6 + 1 - 1) + -2190 + 2217.
21
What is -7 - (-18 - 0 - (-22 + 21))?
10
-3 + 6 - (-1 + 0 - 4)
8
Evaluate (-19 - -27) + -2 + -7 + -1.
-2
Calculate 0 - (-19 + 3 - -7).
9
(-679 - -663) + (-3 - (3 + -22))
0
Calculate 34 + (5 - -18 - 23) + -1 + -7.
26
Evaluate 8 + -19 - -17 - (-2 - 8).
16
981 + -974 + (2 + -2 - -2 - 2)
7
Calculate 0 - -1 - -42 - (7305 - 7291).
29
What is the value of 5 - (8 + (8 - 7)) - (-1 + -14)?
11
Evaluate 6 - (-4 + -1 + 10 + -8 + 13).
-4
Calculate -1 - -8 - (-17 + -5 + (44 - 5)).
-10
What is the value of (-7 - -4) + 7 + 22 + -30?
-4
Calculate -13 - (-4 - 0) - -7 - -32.
30
Evaluate (-26 - -24) + -9 + 22 - (34 - 2).
-21
What is 6 - (3 - (-15 - -29))?
17
What is 11 + (-14 - -16) + -25?
-12
What is 260 + -245 - (2 - -38)?
-25
-7 + 13 + (-12 - 0) + 2 + 18
14
Calculate 33 + (12 - (3 - -26)) + 3.
19
Calculate (2 - (16 + 12)) + 52.
26
Evaluate -19 + (-21 + 4 - -60).
24
What is the value of 43 - (5 + -2 - 0 - -4)?
36
What is the value of -20 - (11 + -21 + 0)?
-10
-8 + 1 - (132 + -151)
12
Calculate -23 - ((13 - 2) + -10 - 14).
-10
What is 3 + (-11 - (-8 - -1)) + -27?
-28
What is the value of 12 + -3 - (33 - 23)?
-1
Evaluate 4 + (-7 - (4 + -2)) + 17 + 6.
18
What is the value of 4 + (-8 + 5 - -8 - (0 + -2))?
11
1 + (-3 - -1 - -2) - (460 + -474)
15
Calculate 6 + (-2 - -2 - (5 - -1)) - 6.
-6
Calculate -194 + 229 + (-1 - 15).
19
Evaluate -10 + (22 - 3) + -17.
-8
-18 - (35 + 33) - -45
-41
(-24 - (4 + -15)) + 0 + 21
8
What is 2 + -16 + (-11 - 5 - -23)?
-7
Calculate 1 + -4 - (42 - 27) - (-7 + 2).
-13
Evaluate 0 - (-6 - -3) - (2 - -3 - 3).
1
-1 + -3 - -14 - (-67 + 101)
-24
What is the value of (-49 - -59) + (0 - 6 - -1)?
5
What is (-1 - (0 + 0)) + -46 + 54?
7
Calculate 2 + 5 - (1 + 22 - 16).
0
-4 + (-9 + -1 - (85 - 94))
-5
Calculate 0 + -16 + 17 - 14.
-13
-69 - -79 - (-13 + -6)
29
(-8 - 16 - (3 + 0)) + 17
-10
Evaluate -12 + 19 + -11 - -26.
22
What is the value of (0 + -28 - (-91 - -98)) + 6?
-29
10 + -3 + -6 - (3 + 0 - -10)
-12
(-72 - -47 - (-2 - -10)) + 10
-23
Evaluate -3 + 9 + -45 + 26.
-13
-9 + 21 + -15 - ((-3 - -1) + 10)
-11
What is the value of -222 + 240 - (2 + 0)?
16
What is the value of -7 - (-7 + 15 + -16)?
1
What is (-4 + 8 - ((-4 - -7) + 6)) + 24?
19
Calculate 25 + 39 + (-8 - 32).
24
Calculate (-2 - -2) + (-20 + 9 - 4).
-15
What is 1 - ((4 - -12) + -16 + (0 - -1))?
0
Calculate -18 + (29 - -7 - 0).
18
What is 6 + (9 - (14 - 3)) + -5?
-1
What is 1 - (-1 + 7 + -18 + 8 + 11)?
-6
Calculate (-1 - -1 - (25 + -33)) + 1.
9
What is the value of -9 - -4 - (-4 + -11)?
10
Evaluate (-59 - -60) + (2 - -12).
15
What is -13 - (2 + -3 - 7 - 1)?
-4
Evaluate -31 + (-15 - -1 - -31).
-14
Evaluate (-3 - -4 - -4) + (11 - (4 + 7)).
5
Calculate (-3 - (3 + -5)) + -10.
-11
What is the value of (6 - (-1 - -12)) + 8 + 20?
23
15 + -15 - (15 - 0 - (-2 + 6))
-11
Evaluate (-48 - -13) + 10 + 15.
-10
Calculate 5 - 0 - (-40 - -47) - -25.
23
(4 + -44 - -30) + -4 + -1 + -2
-17
What is 1 - 3 - (109 + -113)?
2
What is 3 + -22 + (-19 - -42)?
4
Evaluate 1 - 0 - (1155 + -1172).
18
Evaluate (4 - (2 + 5) - 0) + (19 - 20).
-4
8 - (18 - (-4 - (-3 - 3)))
-8
What is the value of 0 - (-7 - (-1 - (2 - 4)) - 7)?
15
Evaluate -33 + 0 + 3 - ((22 - 4) + -24).
-24
What is the value of (22 - -17) + -75 + 45?
9
3 - 19 - (14 + -16 + -11)
-3
What is the value of -180 + 166 + 0 + 25?
11
Evaluate (-4 - (-10 + (9 - 15))) + 7.
19
What is the value of (-2 - 1) + (66 - 77)?
-14
What is (470 - 485) + (0 - -14)?
-1
Evaluate -22 - (43 + -25 - 12).
-28
What is the value of (-7 - (7 + -18) - 7) + -8?
-11
13 - (0 - -4 - -4) - 20
-15
What is the value of -17 + 26 + -3 - -15?
21
What is 1 - (20 + -9 + 4)?
-14
6 - (5 - (3 + -6)) - 0
-2
What is -3 - (-1 + 4) - (-16 + 11)?
-1
-14 + 4 + 12 - (10 - (-3 + 1))
-10
What is (2 - 2) + 10 - (940 + -936)?
6
29 - (18 + (29 - 25))
7
(-39 + 37 - (2 - (1 + -3))) + 0
-6
Evaluate 15 + -50 - -10 - ((3 - 6) + -6).
-16
Calculate -2 - -1 - 8 - (129 + -129).
-9
What is 2 + -1 + -7 - (19 + (-44 - -17))?
2
-13 - 0 - (10 + -6 - 7)
-10
What is 6 + -4 + 8 + (-1 - -15)?
24
16 + -4 + -10 - (-1 + 17)
-14
Calculate (0 - 3) + (-6 + 11 + -11 - -6).
-3
Calculate 115 + -130 - (3 + -4).
-14
(5 - -23 - 14) + -6 - -7
15
Evaluate -504 + 486 + (36 - 0).
18
What is (409 - 386) + (-23 - 2)?
-2
Evaluate -1206 + 1220 - (0 + 1 + 9).
4
457 - 424 - (33 - 1)
1
What is -4 - ((0 - -6) + (8 - -1) + -31)?
12
Evaluate 4 + (-15 - -25 - 16).
-2
2 - (-2 - ((-3 - -12) + -11))
2
Evaluate 9 - (19 - 6) - -12 - 20.
-12
39 + -5 + -14 + -10
10
Evaluate 8 - -26 - 24 - 11.
-1
Evaluate (20 - 1 - 26) + 19.
12
(14 - -2) + (-174 - -179) + (1 - 1)
21
What is the value of 10 - (3 + -26) - 17?
16
Calculate -1 - ((7 - 13) + 4 + 3 + -15).
13
What is the value of -1 + 2 + -10 + (-6 - (-23 + 11))?
-3
-7 - (-6 - -2) - 28 - (-31 + 21)
-21
Evaluate -1 + -4 - (-3 - (-1 + -7)).
-10
7 + -4 + (0 - (1 + -2))
4
Evaluate 47 + (-40 - -17) + -21.
3
(-24 + -4 - -19) + -1 + 2 + -4
-12
(-22 - (-19 - -10)) + 4 + -1
-10
What is the value of (8 - 4) + ((-14 - -11) + -16 - 4)?
-19
What is 0 - ((-49 - -24) + 54)?
-29
What is 15 + 0 - ((7 - (2 + -2)) + -5)?
13
Calculate 14 + (-5 - 5) - 2.
2
Evaluate (-2 + -26 - -34) + 5.
11
Calculate 2 - (10 + -18) - 5 - -6.
11
18 + -6 - 8 - 15
-11
Evaluate (3 - (-8 + -3 + 6)) + -20.
-12
Calculate (15 - 6 - 10) + -1.
-2
What is 2 + -6 + 5 - (-5 + 14)?
-8
Evaluate (10 - 48 - -13) + 43.
18
Calculate (9 - -14 - 25) + 1.
-1
What is the value of 1 + -4 + 10 + -3 + -2?
2
What is -39 + 31 + -13 + 33?
12
3 + 2 + (-3 - (-11 + -11 + 7))
17
Calculate -22 + (6 - (-10 + 9 - -8)).
-23
What is the value of -20 + (-3 - -12) - -4?
-7
(21 - 20) + 1 + -55 - (0 - 12)
-41
What is the value of -29 - (-19 + (-31 - 16))?
37
Calculate -14 - (13 + -57 + 19).
11
What is (3 - 15) + 18 + 3 - 24?
-15
Calculate (200 - 191) + -4 + 2 + 1.
8
Evaluate (11 - (11 + 1)) + 2 + -2 + -6.
-7
Evaluate 18 - 6 - (24 - 10).
-2
(16 - 9 - 14) + -8 + -3
-18
What is the value of -9 + (47 + -33 - (-3 + 6 - -2))?
0
Evaluate 35 - (25 + -26) - 42.
-6
Evaluate 11 + 2 - (-7 + 9 - 5).
16
What is 10 + (-1 + -5 + 2 + 5 - -2)?
13
What is 0 - ((14 - (4 + 0)) + -13)?
3
Evaluate 0 + 5 + (-14 - (14 + -13)).
-10
-47 + 42 - -15 - (-5 - 1)
16
What is the value of (-4 + -3 - -10) + -12?
-9
-7 - (3 - (9 + -1) - 12)
10
What is 18 + (-20 + 13 - (-1 - 1))?
13
-6 + (18 - 14 - 1)
-3
-26 + (15 - -4) + (0 - -11) + -1
3
Evaluate 6 + (2 - (10 + -7 - -4)).
1
Evaluate 14 - ((-1 - 3) + 9 + (16 - 9)).
2
Evaluate (-10 - -18) + 0 - (5 - (-3 + 15)).
15
What is 6 + (0 - (3 - (-4 + 20)))?
19
What is 0 - (22 - 10) - (-1 + (-1 - 1))?
-9
-15 - 0 - (-18 + 12)
-9
What is 0 + (-15 - (-38 + 18 + -10))?
15
-6 + -1 - 28 - (-41 - -36)
-30
Calculate -4 + 22 + -15 - (0 - -9).
-6
529 + -534 + (-1 + 0 - -11)
5
What is the value of (1 - 3 - (6 + -16)) + -78 + 61?
-9
What is 764 + -756 + 10 + -1 + -1?
16
What is the value of -1330 - -1327 - (2 + (-26 - -1))?
20
Calculate (-2 + 4 + (-4 - -1) - 4) + 12.
7
What is the value of 4 + (-2 - -1) + (37 - (-66 + 104))?
2
What is the value of 5 - (-9 + 19 + -11 + -3 + 8)?
1
What is (26 - (4 - 10) - -4) + -10 + 9?
35
Evaluate (-52 - -38) + (-9 - -30).
7
What is 7 - (-18 - -8 - (-10 + 3))?
10
Calculate -8 - (-1 - 2 - (8 - -21)).
24
What is 2 - 13 - (-115 - -105)?
-1
What is (53 - 41) + 4 + 0 + 1 + -3?
14
Evaluate 13 - 1 - (-56 - -63) - 7.
-2
Calculate -18 - 6 - (96 - 138).
18
Evaluate -30 + 23 - (2 + 8 + -1) - -8.
-8
Evaluate 9 - ((3 - -25) + -6).
-13
What is the value of 15 - (-23 - -8) - 4?
26
Evaluate -8 - (2 - (-3 + 10 + -10)) - -2.
-11
What is 39 + (4 - 3) - (1 + 8)?
31
Evaluate (-29 - -9) + 15 + -2.
-7
Calculate 7 + -23 + 11 + -1 - (-7 - 5).
6
Evaluate 0 - (12 + 21 + -13) - (2 + 4).
-26
Evaluat